. Calculate the remainder when 142 is divided by v.
7
Let b(x) = x - 3. Let i be (0 - (-6 - -4))*21/2. What is the remainder when 33 is divided by b(i)?
15
Let p(b) = 8*b**2 + 58*b - 121. Calculate the remainder when 126 is divided by p(2).
18
Let r(b) = 9*b - 14. Let t(o) = -5*o + 7. Let a(k) = -3*r(k) - 5*t(k). Suppose -6 = -5*p + 14. Calculate the remainder when a(-2) is divided by p.
3
Calculate the remainder when 141 is divided by (3 - 18)/(-3) + 18.
3
Let w(y) = -y**2 + 35*y - 87. Calculate the remainder when w(31) is divided by 8.
5
Calculate the remainder when 522/5 - 112/80 is divided by 16.
7
Let y = 237 + -421. Let x be y/10 + (-8)/(-20). Let l = x - -34. What is the remainder when l is divided by 6?
4
Let m = 249 + -199. Calculate the remainder when m is divided by 16.
2
Let l = 16 + 4. Let p = l - 5. Suppose -2*w = -12*w + 560. Calculate the remainder when w is divided by p.
11
Let l(x) = x**3 + 33*x**2 + 28*x + 31. Calculate the remainder when l(-32) is divided by 21.
12
Suppose 3*t - 13 = -o + 23, -3*t = -4*o + 84. Suppose -o - 106 = -5*a. Calculate the remainder when a is divided by 15.
11
Suppose -15*j + 365 = -14*j. What is the remainder when j is divided by 46?
43
Let n(y) = 93*y - 112. What is the remainder when n(2) is divided by 13?
9
Let z = 63 - 29. Suppose 95 = 58*d - 601. What is the remainder when z is divided by d?
10
Suppose 0 = -h - h - 2*p - 178, -h + 4*p = 79. Let g = -67 - h. What is the remainder when 77 is divided by g?
17
Suppose 2*p = -d + 33 + 12, -p + 5*d + 17 = 0. Calculate the remainder when p is divided by 4.
2
Let r be (-218)/(-4 + (-10)/(-3)). Suppose -5*g - 27 = -r. What is the remainder when g is divided by 16?
12
Let k(h) = -h - 2. Let l be k(-3). What is the remainder when 34 is divided by (11 + 5 + -3)*l?
8
Let z(l) = l + 3. Suppose 12*a - 17*a = -50. Calculate the remainder when 77 is divided by z(a).
12
What is the remainder when 73 - (-1)/(-2)*-10 is divided by 5?
3
Suppose -p + t + 353 = 0, -5*t + 19 + 652 = 2*p. What is the remainder when p is divided by 7?
5
Let c(v) = -5*v**3 - 34*v**2 - 7*v - 59. Suppose 4*x = 0, 4*x - 457 = -4*i - 5. Calculate the remainder when i is divided by c(-7).
35
Suppose 7*k + 83 = -85. Suppose -4*q - q + 425 = 0. Calculate the remainder when q is divided by 2 - (0 + 4 + k).
19
Suppose 4*i + 20 = 3*z, -2*z + 5*i = -6 + 2. What is the remainder when 34 is divided by z?
10
Suppose -g - 3 - 6 = -4*r, -5*r - 5 = 2*g. Suppose r = -3*v - 8. Calculate the remainder when v - (-3 + 27/(-1)) is divided by 7.
6
Let g be (8/(-6))/((-16)/(-288)). Let j = 63 + g. Calculate the remainder when 154 is divided by j.
37
Suppose 2*m - 105 = 5*f, -m + 20 = 5*f + 5. Let r be 1*7*(-5 - -4). What is the remainder when m is divided by (r - 2)*7*(-8)/24?
19
Let f be -3 - (3 + -29 + 3). Calculate the remainder when 11 is divided by (-15)/(-4) - (-6 - (-115)/f).
3
Let k(p) = -p**2 + 2*p + 6. Let o be k(3). Suppose -2*z = o - 15. Calculate the remainder when 41 is divided by z.
5
Let b = 59 - 31. Suppose 3*c - c + b = 0. What is the remainder when c/(-77) - (-1272)/22 is divided by 20?
18
Suppose 4 = 3*t - 11. What is the remainder when 27 is divided by (-4 + t)/(2/16)?
3
Calculate the remainder when 3/1 - 3 - -50 is divided by 13.
11
Let s(a) = 9*a - 2. Let h be s(4). Let k = -3 + h. What is the remainder when 121 is divided by k?
28
Let b = 1826 + -1093. Calculate the remainder when b is divided by 49.
47
Let o(z) = -2*z - 5. Let k be o(5). Let h = -10 - k. Suppose 0 = -q + i - h*i + 18, -3*q = 3*i - 72. What is the remainder when q is divided by 14?
12
Let x(k) = k**2 + 12. Let l be x(8). Let y = l + -54. What is the remainder when y is divided by 6?
4
Let k = -47 - -50. Let j = 12 - k. Calculate the remainder when 50 is divided by j.
5
Suppose 4*t - 27 = t. Let u(w) = 2*w**3 + 12*w**2 + 5*w + 4. Calculate the remainder when u(-2) is divided by t.
8
Let d = -10 - -16. Let b(f) = f**2 - 6*f + 2. Let z be b(d). Suppose z*w - 3*w = -10. Calculate the remainder when w is divided by 4.
2
Suppose -70 = -4*s - d, -4*s + 2*d = -45 - 31. Suppose 2*g - 680 = -3*g. Suppose g = -5*m + 9*m. What is the remainder when m is divided by s?
16
Suppose -532 = -4*t - 208. Let g = t - 31. Calculate the remainder when g is divided by 26.
24
Let r(x) = x - 1. Let q be r(2). Let z be (-1)/(q/(-4) + 0). Suppose a = -a + z. Calculate the remainder when a is divided by 2.
0
Suppose 5*n - 6 - 5 = -4*b, 2*b + n = 7. Suppose 0 = c + 3*k - 26, 0 = -4*c + 7*k - 3*k + 40. Calculate the remainder when c is divided by b.
2
Let h be (-15)/35 - (-38)/7. Suppose -172 = -9*w + h*w. Calculate the remainder when w is divided by 15.
13
Let r(t) = t**3 - 5*t**2 - 7*t + 6. Let y be r(6). Let z(i) = -3*i + 38. What is the remainder when z(y) is divided by 11?
5
Let n = 5 - 5. Suppose n = 2*j - 0*j - 42. Suppose 3*a - 22 = -4*f - 0*f, -4*a + 3*f = -j. What is the remainder when a is divided by 4?
2
Let r(v) = 11*v**3 - 9*v**2 - 12*v + 21. What is the remainder when r(2) is divided by 45?
4
Let w(a) = -2*a**3 - a**2 + 3*a + 50. Calculate the remainder when 196 is divided by w(0).
46
What is the remainder when 15*1/5*8 is divided by (-18)/5*30/(-12)?
6
Let x = 112 + -100. Calculate the remainder when x is divided by 9.
3
Suppose -5*z - a = 100, -a + 15 = -4*a. Let f(n) = n**2 + 8*n - 11. What is the remainder when f(z) is divided by 40?
38
Let q = -406 - -451. Let v(f) be the first derivative of 4*f**3/3 + f**2/2 - 2*f - 3. Calculate the remainder when q is divided by v(-2).
9
Let k(s) = -85*s - 170. Calculate the remainder when k(-3) is divided by 32.
21
Suppose 0 = -11*j + 13*j - 12. What is the remainder when 113 is divided by j?
5
Calculate the remainder when 9592/110*1*10 is divided by 25.
22
Let t = 260 + -220. What is the remainder when 77 is divided by t?
37
Suppose -4*y - 4 = -4*o, 3*o - 5*y = -0*y + 5. Suppose 2*i + 5*i - 315 = o. Calculate the remainder when i is divided by 8.
5
Let q = 169 + -151. Calculate the remainder when q is divided by 5.
3
Let a be (1 + (-111)/(-6))/(2/4). What is the remainder when 113 is divided by (((-171)/(-4))/3)/(a/104)?
37
Let o(l) = -36*l + 1029. What is the remainder when 273 is divided by o(26)?
87
Calculate the remainder when 6 is divided by 16/28 + 20/14.
0
Let n be (-1)/(-2) - (-1)/(-2). Suppose -2*x = -16 - n. Suppose 0 = -3*k - 3*j + 99, -5*k + j = -157 + 4. What is the remainder when k is divided by x?
7
Let v(c) be the first derivative of -c**2/2 + 10*c - 24. Suppose j - 4 + 2 = 0. What is the remainder when v(8) is divided by j?
0
Let t = -51 + 61. Suppose 5*s - 58 - 284 = 3*v, -5*s + 347 = 2*v. What is the remainder when s is divided by t?
9
Let t = 30 + -18. Let a(q) = q**3 + 6*q**2 - 12*q - 13. Let h be -7 - (-3 + 12/(0 + 4)). What is the remainder when a(h) is divided by t?
10
Let i = -153 + 167. What is the remainder when 712 is divided by i?
12
Let o(r) = -2*r**3 - 3*r**2 + 2*r. Let m be o(1). Calculate the remainder when 39 is divided by (1/m)/((95/210)/(-19)).
11
Suppose 0 = l - 18 - 15. Let b be (99/(-9))/((-1)/(-2)). Let g = b + l. What is the remainder when 31 is divided by g?
9
Let w = -32 - -45. Let h = w + -10. What is the remainder when (-7 + 9)*(4/8 - -1) is divided by h?
0
Let r(w) = 11*w**3 - w**2 + 4. Let u be r(-2). Let n = u - -108. Calculate the remainder when 79 is divided by n.
19
Let x(f) = 74*f**2 - 2*f + 1. Suppose 0*p - 2*p = -2. Let k = 357 + -338. Calculate the remainder when x(p) is divided by k.
16
Suppose -558 - 919 = 7*o. Let p = o + 322. Let f = -29 - -57. Calculate the remainder when p is divided by f.
27
Suppose -180 = -5*h + 3*h. Let g(j) = 23*j**3 + 2*j - 2. Calculate the remainder when h is divided by g(1).
21
Suppose -93 = -4*h - 33. Suppose 62*m - 4355 = 1101. What is the remainder when m is divided by h?
13
Suppose 0 = 28*h - 22*h - 12. Let s(g) = g**2 - 5*g - 4. Let a be s(6). Suppose -2*t = a*t - 4. Calculate the remainder when h is divided by t.
0
Let z(m) = m**2 - 10*m + 14. Let x be z(9). Suppose 1 = 2*t + 3, -3*t = -x*h + 13. Suppose 2*v - 60 = -h*v. What is the remainder when v is divided by 9?
6
Let y be 2 - (2 + 0 + 1 + -5). Suppose -16*o = 5*t - 12*o + 10, -o - 13 = -y*t. What is the remainder when 7 is divided by t?
1
Suppo